18 and 30436?
14
What is the highest common factor of 9310 and 1223334?
1862
What is the greatest common divisor of 2891140 and 1070?
1070
Calculate the highest common factor of 5915 and 1190.
35
Calculate the greatest common factor of 1013 and 17.
1
Calculate the highest common divisor of 2828014 and 14.
14
What is the greatest common factor of 4920423 and 177?
177
What is the greatest common divisor of 9 and 3597201?
9
What is the highest common divisor of 21877 and 5?
1
Calculate the highest common factor of 362 and 9.
1
Calculate the highest common factor of 505 and 11422595.
505
What is the highest common factor of 59585 and 1003?
17
Calculate the highest common factor of 635 and 135.
5
Calculate the greatest common factor of 598184 and 552.
184
Calculate the highest common factor of 3 and 120689.
1
What is the greatest common factor of 110121 and 41877?
1551
What is the greatest common factor of 73 and 678389?
73
Calculate the greatest common factor of 1 and 1645327.
1
What is the greatest common factor of 435213 and 54?
27
What is the highest common divisor of 40 and 73510?
10
Calculate the greatest common factor of 15232 and 17374.
238
Calculate the highest common factor of 3414015 and 2090.
1045
What is the highest common divisor of 6636 and 2607?
237
What is the greatest common divisor of 281533 and 74?
37
What is the greatest common factor of 3294 and 15741?
27
What is the highest common divisor of 57 and 396226?
19
Calculate the highest common factor of 1820 and 79730.
70
Calculate the highest common divisor of 4284 and 18.
18
What is the greatest common factor of 53 and 8694491?
53
What is the greatest common divisor of 62 and 33077?
31
What is the greatest common divisor of 548 and 8905?
137
Calculate the greatest common divisor of 417946 and 1206.
134
What is the highest common factor of 10 and 40465?
5
Calculate the highest common divisor of 1727 and 869.
11
What is the greatest common divisor of 1066591 and 203?
29
What is the highest common factor of 62800 and 160?
80
Calculate the highest common factor of 908 and 861692.
908
What is the highest common divisor of 86490 and 270?
90
What is the greatest common factor of 2755269 and 297?
297
What is the greatest common divisor of 20439 and 27?
27
Calculate the highest common divisor of 4 and 34964.
4
What is the highest common divisor of 19 and 6766717?
19
Calculate the greatest common factor of 612 and 23515488.
612
What is the highest common factor of 78 and 1518?
6
Calculate the greatest common divisor of 665 and 20160.
35
Calculate the greatest common divisor of 6552 and 308.
28
What is the highest common divisor of 47209 and 51?
17
What is the greatest common factor of 192 and 1456?
16
Calculate the greatest common divisor of 73533 and 11387.
193
What is the greatest common factor of 126840 and 315?
105
Calculate the greatest common factor of 199044 and 2736.
684
Calculate the highest common divisor of 19312 and 355.
71
Calculate the highest common factor of 129 and 20941.
43
What is the greatest common divisor of 650 and 11518?
26
What is the greatest common divisor of 4340 and 1042468?
868
Calculate the greatest common divisor of 775 and 123800.
25
Calculate the highest common divisor of 163233 and 189.
63
What is the highest common divisor of 618 and 8755?
103
Calculate the highest common divisor of 19968 and 30784.
832
What is the highest common factor of 511 and 5767?
73
What is the greatest common factor of 37 and 6351864?
37
What is the greatest common divisor of 5 and 33125?
5
What is the highest common divisor of 407 and 27491?
37
What is the highest common divisor of 537474 and 2292?
1146
Calculate the highest common factor of 728 and 70.
14
Calculate the highest common factor of 3888 and 67590.
18
What is the greatest common divisor of 23886 and 8?
2
What is the highest common factor of 156270 and 75?
15
Calculate the highest common divisor of 247 and 13.
13
Calculate the highest common factor of 247 and 69901.
247
Calculate the highest common factor of 23344 and 128.
16
Calculate the greatest common factor of 768673 and 633.
211
What is the highest common factor of 52 and 310?
2
Calculate the greatest common divisor of 83988 and 450269.
2333
Calculate the greatest common divisor of 8 and 9189032.
8
What is the greatest common factor of 201 and 50786?
67
Calculate the greatest common factor of 5063 and 348019.
83
What is the highest common factor of 19953 and 8129?
739
What is the greatest common factor of 14620745 and 1685?
1685
Calculate the highest common factor of 90 and 7038.
18
What is the greatest common divisor of 3340 and 1942210?
1670
What is the greatest common divisor of 19872 and 81558?
414
What is the highest common divisor of 141800 and 16?
8
Calculate the greatest common divisor of 1360 and 599930.
170
Calculate the greatest common factor of 425683 and 501.
167
What is the greatest common divisor of 561 and 1149591?
51
What is the greatest common factor of 247 and 2033?
19
Calculate the greatest common divisor of 36041 and 161.
23
Calculate the greatest common factor of 1736 and 94953.
31
Calculate the highest common divisor of 10350 and 4875.
75
Calculate the highest common divisor of 1210 and 463870.
110
What is the highest common divisor of 631167 and 549?
183
What is the highest common divisor of 2119 and 1417?
13
Calculate the greatest common factor of 24 and 62872.
8
What is the greatest common divisor of 2115 and 367305?
705
Calculate the highest common divisor of 60 and 36332.
4
Calculate the greatest common factor of 110058 and 52.
26
What is the highest common divisor of 20777 and 237?
79
What is the highest common divisor of 414 and 274689?
207
What is the highest common divisor of 280 and 25690?
70
What is the greatest common divisor of 3290 and 25270?
70
Calculate the greatest common divisor of 149760 and 645.
15
Calculate the greatest common divisor of 28678 and 1.
1
Calculate the greatest common divisor of 2560 and 1580.
20
What is the highest common divisor of 16058 and 6944?
434
What is the greatest common factor of 8 and 145052?
4
Calculate the highest common factor of 775 and 837.
31
What is the greatest common factor of 5535538 and 214?
214
Calculate the highest common factor of 972883 and 307.
307
Calculate the greatest common divisor of 12167 and 14099.
23
What is the greatest common divisor of 12906 and 666?
18
What is the highest common divisor of 4 and 1044296?
4
What is the highest common factor of 162340 and 20?
20
What is the greatest common divisor of 13607 and 242?
11
What is the highest common factor of 132 and 1220340?
132
Calculate the greatest common factor of 2 and 758294.
2
Calculate the greatest common divisor of 352 and 4376.
8
Calculate the greatest common divisor of 6356 and 84.
28
Calculate the highest common factor of 23751 and 2898.
63
Calculate the greatest common factor of 96292 and 76.
76
Calculate the highest common divisor of 1191 and 9925.
397
What is the highest common divisor of 1199325 and 25?
25
What is the highest common divisor of 18760 and 105?
35
Calculate the highest common divisor of 19247 and 57.
19
What is the highest common factor of 4 and 55228?
4
Calculate the greatest common factor of 2038759 and 8041.
731
What is the highest common divisor of 515 and 12772?
103
What is the highest common factor of 8676 and 1928?
964
Calculate the greatest common factor of 1724559 and 3.
3
Calculate the greatest common divisor of 16116 and 228.
12
What is the greatest common factor of 29728 and 32?
32
Calculate the greatest common factor of 35404 and 16199.
167
What is the greatest common divisor of 57575 and 460?
5
What is the greatest common divisor of 6608 and 51448?
472
Calculate the greatest common factor of 24254 and 3258.
362
What is the greatest common factor of 62856 and 3880?
776
Calculate the greatest common divisor of 194 and 356281.
97
What is the highest common factor of 110 and 10310?
10
What is the highest common factor of 36146 and 186?
62
Calculate the highest common factor of 10 and 166150.
10
Calculate the greatest common divisor of 7650 and 298962.
306
Calculate the highest common factor of 14651 and 14168.
161
What is the highest common factor of 53687 and 37?
37
What is th